s/(-8) + 114/24. What is the greatest common factor of w and 20?
5
Let i be (-35)/(-3) - -3*(-5)/(-45). Calculate the greatest common factor of i and 9.
3
Let w(c) = c**3 + 7*c**2 - 7*c + 4. Let j be w(-6). What is the highest common factor of j and 123?
41
Suppose 11*u = 399 + 338. Calculate the highest common divisor of 268 and u.
67
Suppose 0 = 2*j - 5 - 1. Let v be 31 + (j - 0)*-1. What is the highest common divisor of v and 308?
28
Let c be -4 + 4 + 48 + -4. Calculate the highest common divisor of c and 110.
22
Let c be ((180/8)/3)/(6/8). Calculate the greatest common divisor of 50 and c.
10
Let r(s) = -2*s + 74. Let f be r(-17). What is the greatest common factor of f and 12?
12
Suppose u = -2*v + 26, 5*u - 3*v - 1 = 116. Suppose -5*t = -2*p - 2*t + 26, -u = -4*p - t. Calculate the greatest common divisor of p and 14.
7
Suppose 0 = 5*k + o - 108, 5*k - 60 = o + 52. Calculate the greatest common factor of k and 176.
22
Suppose -x = 2*z + 5, 5*x - 5 = 8*x + 4*z. Suppose r + 118 = 3*r - 2*k, -5*k = 5*r - 255. Calculate the greatest common factor of x and r.
5
Let u be 2*38/8*(3 - 1). Calculate the highest common factor of u and 76.
19
Let d be ((-5)/3)/((-2)/12). Suppose 0*q = q + 5*s - 60, 3*q - 5*s = 100. What is the greatest common divisor of d and q?
10
Suppose 2*b - 5*t - 479 + 104 = 0, b + 3*t - 204 = 0. What is the greatest common divisor of b and 78?
39
Suppose -5 - 4 = -3*y. Let a be (-19)/(-1) + 6/y. Calculate the greatest common divisor of a and 105.
21
Let m be 4 - 2 - 5 - 27. Let g = 126 + m. Suppose 0 = n + n - g. Calculate the highest common factor of 120 and n.
24
Let q = -14 + 18. Let o be q/(-18) - 440/(-36). Calculate the greatest common divisor of o and 3.
3
Let k(q) = -q**2 - 9*q + 2. Let g be k(-9). Suppose -4*z + 32 = -0*z - g*b, 0 = -3*z - 3*b + 42. What is the highest common divisor of z and 110?
10
Let a(p) = p**3 - 7*p**2 + 2*p - 9. Let f be a(7). What is the greatest common factor of f and 45?
5
Suppose z - 5*t - 212 = 0, 3*z + 2*t - 536 = -3*t. Suppose 9 - 94 = -5*r. Calculate the greatest common factor of r and z.
17
Suppose 0*v - 136 = -3*v + 4*k, -5*k = -v + 49. What is the highest common divisor of v and 4?
4
Suppose 5*v - 2*t - 88 = 28, 3*v - 75 = 3*t. Let n be (v + -2)/((-1)/(-1)). What is the highest common factor of n and 5?
5
Suppose -5*t + t = q - 40, -29 = -t - 5*q. Let v = t + -1. What is the highest common factor of v and 16?
8
Let r(n) = n**2 - 12*n + 7. Let i be r(8). Let j = 44 + i. Let k = 32 - j. Calculate the highest common factor of 117 and k.
13
Let x = 8 + -4. Suppose 2*p - x*p + 2 = -4*m, 3 = -m + 3*p. Suppose -4*s - 156 = -4*a, -a + m*s + 36 = -4*s. What is the highest common divisor of a and 4?
4
Suppose 0 = f - 0*f + 1, -4*r - 3*f = -9. Suppose -5*c + 14 = r*q, -2*q + 4 = -c - c. Suppose -z + c = -8. Calculate the highest common factor of 81 and z.
9
Suppose 13 = 2*y - 3*t, 5*y + 2*t - 92 = -12. Calculate the greatest common divisor of y and 42.
14
Let y(i) be the third derivative of -i**4/12 - i**3/2 + 9*i**2. Let r be y(-2). Calculate the highest common factor of r and 2.
1
Let c be ((-6)/4)/(6/(-32)). Let k = 23 - c. Let r be (5/50*18)/(15/25). Calculate the highest common factor of k and r.
3
Let v be 12/10*15/(-6). Let w be (4/10)/(v/(-60)). What is the greatest common factor of 8 and w?
8
Let w be -4*215/(-60) + 2/3. What is the highest common divisor of 3 and w?
3
Suppose j = 3*t + 96 + 42, -2*t + 758 = 5*j. Calculate the greatest common factor of 60 and j.
30
Let l = -25 - -42. What is the greatest common divisor of 17 and l?
17
Let c(n) = n**2 + 2*n - 3. Let w be c(-4). Suppose -2*a + 83 = -7. What is the highest common divisor of w and a?
5
Let c(t) = t**3 + 8*t**2 + 11*t + 9. Let i be c(-3). What is the highest common factor of 105 and i?
21
Let c be (-20)/25 + 468/10. Calculate the greatest common factor of 92 and c.
46
Suppose 0 = 2*a - 0*a - 4. Suppose -5*v + 9 = -a*v - 5*i, -2*v = -3*i - 6. Suppose v*q - 42 = -12. Calculate the greatest common divisor of q and 2.
2
Suppose -5*k + 511 = 126. Let o be 3*-1*(-7)/3. Calculate the greatest common factor of o and k.
7
Suppose -3*x = 2*a - 61, -a + 62 = 3*x - 0*a. What is the greatest common factor of x and 63?
21
Let c(k) = -2*k - 9. Let p be c(-7). Suppose 0 = -5*o - 89 + 29. Let g = -2 - o. Calculate the highest common factor of p and g.
5
Let s be (24/5)/((-3)/(-15)). Let b = 50 - 34. Calculate the highest common factor of s and b.
8
Let z be (-5056)/(-24)*(-6)/(-4). Suppose 0*p + 4*p + 4*a = z, 5 = -a. What is the highest common factor of p and 12?
12
Let m(g) be the third derivative of g**5/20 - g**4/8 - g**3/2 + 2*g**2. Let p be m(-2). Let q = -9 + p. Calculate the highest common divisor of 54 and q.
6
Let o(z) = 2*z + 2. Let y be o(-7). Let f be y/(-5) - 10/25. What is the highest common factor of 16 and f?
2
Let b(h) = -2*h + 6. Let p be b(7). Let m = 25 + p. What is the highest common factor of m and 187?
17
Let i(h) = h**3 - 2*h**2 + 6*h - 7. Let a be i(4). Calculate the highest common divisor of 14 and a.
7
Let m be (0 - (3 - 4)) + 87. Calculate the highest common divisor of m and 8.
8
Let u be 5 + -1*(2 - 2). Suppose -s + 8 = a, 45 = u*s + 5*a - a. What is the greatest common factor of 52 and s?
13
Suppose 5*f = 4*w + 220, -4*w + 5 = 2*f - 55. Calculate the highest common divisor of 280 and f.
40
Suppose 5*x + 27 = l, -x = -1 + 6. Suppose -4*n + l*n = -6. Let q be 12 + (-3*1)/n. Calculate the greatest common factor of 88 and q.
11
Let n(b) = -b**3 + 4*b**2 + 2*b + 1. Let d = -1 + 3. Let m be 5 - (-2 + (5 - d)). Let l be n(m). What is the greatest common factor of l and 1?
1
Suppose 3*z - z + 14 = 0. Let h be 2/(-7) - 506/z. Calculate the greatest common divisor of h and 9.
9
Suppose 0 = 5*q - 3 - 2. Let o = 13 + q. Suppose o = 3*h - h. What is the greatest common factor of h and 56?
7
Let u(m) = 3*m - 41. Let y be u(20). What is the highest common factor of y and 95?
19
Suppose -2*d + 3 = -5. Let g = 80 + -64. Calculate the highest common factor of g and d.
4
Let x(m) = 2*m**2 + 7*m**2 + 3*m - 3*m**2 - 3*m**2. Let p be x(-2). Calculate the greatest common divisor of 18 and p.
6
Suppose 2*k - 14 = -d, 2*k + 4*d = 7*k - 35. Suppose h = 2*l - k*l + 55, -2*h + 138 = -4*l. What is the highest common factor of 13 and h?
13
Suppose 50 = 3*w - 3*u + 2*u, -3*w - u = -46. What is the highest common divisor of 16 and w?
16
Let w be (-1 - -5)/((-1 + 3)/1). Let j be (-2)/(-5) - 108/(-5). Calculate the greatest common factor of w and j.
2
Let g(v) = 3*v**2 - 10*v - 13. Let q be g(9). Calculate the greatest common factor of 28 and q.
28
Let s be 60/(-8)*8/(-3). Let h(u) = 3*u**2 + 6*u + 6. Let q be h(-4). Calculate the highest common divisor of q and s.
10
Let b = 19 - 7. Let v = -3 + b. Let n(u) = -u**2 + 6*u - 4. Let o be n(5). Calculate the highest common factor of o and v.
1
Suppose -c + 3 = -4. Suppose 9*m = c*m + 38. Calculate the highest common divisor of 171 and m.
19
Let n be (-15)/4*(-2 - (-52)/(-6)). What is the highest common factor of 5 and n?
5
Let x = 45 + -13. Calculate the highest common factor of x and 48.
16
Let b(o) = -o**3 - 5*o**2 + 20*o + 4. Let i be b(-8). What is the greatest common divisor of 18 and i?
18
Let u(j) = 24*j + 6. Let k be u(2). Suppose 4*b - 2*b - 148 = -4*s, s - 4*b - 28 = 0. Calculate the greatest common factor of s and k.
18
Let f = 13 - 10. Let s be ((-10)/4 + f)*16. What is the greatest common divisor of 20 and s?
4
Let y = -3 - -7. Let t(b) = 8*b. Let a be t(y). What is the highest common divisor of a and 16?
16
Let w(m) = m**2 - 5*m + 4. Let b be w(6). Suppose -t + 14 = z, 5*t = -0 + b. Let p(s) = -3*s - 6. Let o be p(-6). What is the greatest common factor of z and o?
12
Let f(j) = 0*j - j**2 + 6*j + 4 + 0*j**2. Let n be f(6). Suppose -n*l + 75 = q + 15, 51 = q - 5*l. What is the greatest common divisor of q and 7?
7
Let j be (-1396)/(-20) + 1/5. Calculate the highest common factor of 10 and j.
10
Suppose 6*r = 110 + 82. Calculate the greatest common divisor of 16 and r.
16
Suppose -6 + 1 = -5*i. Suppose -2*k + 13 = i. What is the greatest common divisor of k and 6?
6
Let n(j) = -j**2 - 2 + 7 + 0*j**2 - 3*j - 5*j. Let a be n(-7). Suppose 4*i - 139 = o, -2*o + o + 149 = 4*i. Calcu